highest common factor of x and 12?
12
Suppose 2*w = 4*t + 4*w - 10, -5*w = -25. Suppose 4*n - 5*u = 5, 5*u - 4 - 11 = t. Calculate the greatest common factor of 25 and n.
5
Suppose -2*s - 3 + 45 = 0. What is the greatest common divisor of 63 and s?
21
Suppose 2*h - 142 = 3*b - 7*b, 3*h = 3. Suppose 0 = 3*v - f - 4*f - b, -4*v + 4*f + 60 = 0. Calculate the highest common divisor of v and 120.
20
Let k(i) = i**2 - 3*i - 6. Let b be k(-4). Suppose 0 = -2*j - g + 20, j - 3*g - 17 = -0*g. Calculate the greatest common divisor of j and b.
11
Suppose -5*h - 2*w = -360, 11*w = 4*h + 14*w - 295. Suppose 5*s - 36 - 34 = 0. Calculate the greatest common divisor of s and h.
14
Let b = 7 - 13. Let v be 1 - (-3)/(b/286). Let w = v + 212. Calculate the greatest common divisor of 10 and w.
10
Suppose -176 = -k + 121. Calculate the greatest common factor of 27 and k.
27
Let d(s) = s + 9. Let g be d(5). Calculate the highest common factor of g and 14.
14
Let a = 71 - 27. Suppose -5*m + 3*m + 132 = 0. What is the highest common divisor of a and m?
22
Suppose m - 2*m + 3*t + 23 = 0, -3*m - 5*t + 55 = 0. Suppose -4*g + 31 = -169. What is the highest common divisor of g and m?
10
Let m = 3 + -3. Suppose -g + 17 = -m. Calculate the highest common factor of 85 and g.
17
Let q(w) = -w**2 - 2*w + 6. Let r be q(-3). Let x = 7 + r. Calculate the greatest common factor of 10 and x.
10
Suppose 0 = -4*f + 2*q + 158, 5*q = q + 20. Suppose -19*w = -23*w + 28. Calculate the highest common factor of w and f.
7
Suppose -5*k + 2*k - 2*d = -67, 0 = k - 5*d + 6. What is the greatest common factor of k and 95?
19
Suppose 5*d = 3*y - 206, -y - 4*d - 12 = -92. Let k = 13 + y. What is the highest common divisor of 34 and k?
17
Let z(k) = -k**2 - 9*k + 2. Let n be z(-8). Let w be 96/n + (-4)/(-10). What is the highest common factor of w and 10?
10
Let o(d) = -6*d + 8. Let r be o(0). What is the highest common factor of r and 32?
8
Let d = -40 - -200. Suppose 0 = -0*t + 4*t - d. Calculate the highest common factor of 5 and t.
5
Suppose -55 = -5*g + 5*l, 4*g + 12*l - 52 = 8*l. Calculate the greatest common factor of g and 60.
12
Let d(a) = -a**2 + 11*a - 14. Let r be d(9). Let w(o) = -o - 5. Let y be w(-6). Calculate the highest common divisor of y and r.
1
Suppose -w + 14 = -2*w. Let z be (-4)/w + (-235)/(-35). Calculate the highest common divisor of z and 7.
7
Suppose 3*m = 14 - 5. Suppose -b - m = -4. Let q be (b - -2)*(-2)/(-1). Calculate the greatest common factor of 42 and q.
6
Let v = -144 + 214. What is the highest common factor of v and 14?
14
Suppose 5*s - 125 = 5*r, 3*s = 4*r - 2*s + 103. Let d be (-84)/r - 14/(-77). Calculate the highest common factor of 36 and d.
4
Suppose -s = 6*p - 3*p - 4, s - 1 = 0. Suppose 4*b - 4*w = -72, 0*b - 2*b - w - 24 = 0. Let o be p*(3 - 4) - b. What is the highest common factor of 13 and o?
13
Let u = 4 + -2. Suppose 24 = u*d + 2*d. Let y = 24 - d. Calculate the highest common factor of y and 144.
18
Let r be 4/(-2)*(-19)/(-1). Let v = r + 53. What is the highest common divisor of v and 30?
15
Let b(g) = -g + 1. Let a(i) = -3*i + 18. Let o(k) = -a(k) + 6*b(k). Let t be o(-7). Calculate the greatest common factor of t and 27.
9
Suppose 0 = 5*d + 2*m - 8, 3*d = -3*m - m + 2. Suppose -2 = -d*t, -3 - 43 = -u - t. Calculate the greatest common divisor of u and 30.
15
Suppose 5*k - 3*c = 135 + 105, -k + 3*c = -60. Calculate the greatest common factor of 15 and k.
15
Let k = -70 + 168. Let m(x) be the third derivative of -x**5/60 + x**4/3 + x**3/3 - x**2. Let t be m(6). Calculate the greatest common factor of t and k.
14
Let y(x) be the third derivative of x**5/60 + 5*x**4/24 - 2*x**3/3 - 4*x**2. Let n be y(3). Calculate the greatest common divisor of n and 8.
4
Let r be (-222)/(-27) - (-4)/(-18). Calculate the greatest common divisor of r and 88.
8
Let x be 165*(-4 + (-46)/(-10)). Suppose 2*p + 20 = 2*b, 3*b - p - 31 = 3*p. Calculate the highest common factor of b and x.
9
Let z(p) = -2*p**3 - 4*p**2 - 3*p + 7. Let k be z(-3). Calculate the highest common factor of k and 85.
17
Let g(s) = 21*s. Let h be g(2). Suppose 3*p = 5*p - h. Calculate the highest common factor of 7 and p.
7
Suppose -a + 11 = 2*c, 2*a + 7 = 4*a - c. What is the highest common divisor of 55 and a?
5
Let u(v) = 3*v**2 - 1. Let y be u(-2). Suppose 0 = 3*z + 2*z - 220. What is the highest common factor of y and z?
11
Suppose 0 = 4*y - m - 15, 4*y + 3*m - 19 = -0*y. What is the highest common divisor of y and 10?
2
Suppose -q + 2*q - 81 = 0. Suppose -36 = 4*u - 8*u. Calculate the greatest common factor of u and q.
9
Suppose -3*v + 20 - 5 = 0. Calculate the greatest common factor of v and 55.
5
Suppose -5*o = -0*o + 5, -5*c = -3*o - 213. What is the highest common factor of c and 14?
14
Let a be (7 + -1)*(15/6 - 2). Calculate the highest common factor of 21 and a.
3
Suppose -c = 2*t + 2*c + 31, 3*t + 39 = -2*c. Let y(f) = -2*f + 26. Let i be y(t). Calculate the highest common divisor of 16 and i.
16
Suppose 2*z - 36 = -z. Suppose -k = -6 + 4. Suppose 3*r + 3*s - 20 = -s, 18 = k*r + 5*s. Calculate the highest common divisor of z and r.
4
Let d be 30/26 - 8/52. Suppose 0 = -b + a - 1, -5*b + 2*a - d + 2 = 0. What is the highest common divisor of b and 9?
1
Let m(y) = 80*y + 1. Let p be m(1). Suppose 0 = 3*s + 2*n - 7 - 25, p = 4*s - 5*n. Calculate the highest common factor of s and 126.
14
Let m(h) = -h**3 - 6*h**2 - 6*h. Let l be m(-5). Suppose 0 = l*b - 0*b - 720. What is the highest common factor of b and 16?
16
Let m = -7 - -2. Let t = m - -6. What is the greatest common divisor of t and 1?
1
Let x(r) = -5*r - 9. Let t be x(-4). Calculate the highest common factor of t and 88.
11
Let m be (8*1)/((-14)/(-21)). What is the highest common divisor of 156 and m?
12
Let z = -2 + 37. Suppose 5*g - 190 = -33*g. What is the highest common factor of z and g?
5
Suppose -5*a - 4*h = 16, -2*a + 2*h + 2*h - 12 = 0. Let j = 44 - a. Calculate the greatest common factor of j and 6.
6
Suppose -5*v + 85 = -5*r, 3*v + 2*r - 4*r - 47 = 0. Let i(q) = q**3 - 4*q**2 - 6*q + 3. Let u be i(6). Calculate the greatest common factor of v and u.
13
Let c(l) = 5*l + 2 - l**3 - 4*l - 2*l. Suppose -3*w = -w + 8. Let d be c(w). Calculate the highest common factor of d and 10.
10
Let s(l) = l - 4. Let r be s(6). Let g be -2*((-10)/4 + r). Let p be 44 + g - 0/(-2). What is the highest common divisor of p and 30?
15
Let j = 6 + -3. Suppose 4 = j*h - 5. What is the greatest common divisor of 27 and h?
3
Suppose -2 + 6 = 2*h. Suppose 2*x - 172 = -2*q, -3*q + q - 168 = -h*x. What is the greatest common divisor of 34 and x?
17
Let u(d) be the third derivative of d**4/4 - d**3/3 + 4*d**2. Let b be u(3). Calculate the greatest common divisor of 64 and b.
16
Suppose 285 = 5*r - k + 6*k, -r + 66 = -2*k. Suppose -2*t - 4*c = -4, c - 1 = -2*t + 3. Let s = 14 - t. Calculate the greatest common divisor of r and s.
12
Suppose 3*f - 78 = 6*f. Let o = f - -44. What is the greatest common factor of o and 9?
9
Let s(d) = d**3 - 6*d**2 + d - 1. Let c be s(6). Suppose -25 = 3*x + 2*u, c*x + 5 = -u - 46. Let q = x - -24. What is the highest common factor of 91 and q?
13
Let y(c) = -2*c**2 - 6*c. Let g be y(-3). Suppose k + g*k - 4 = 0. What is the highest common factor of k and 16?
4
Let w be 2 - 4 - 0 - -8. Suppose -2*j = -4*j + w. Let s = -17 + 29. Calculate the greatest common factor of j and s.
3
Suppose -5 + 0 = 5*t. Let j be t + 2 + (-21)/(-3). Calculate the greatest common divisor of j and 72.
8
Suppose 3*n + 106 = 3*u + 2*n, 0 = -2*n + 4. Calculate the greatest common factor of 24 and u.
12
Let w(x) = 3*x**2 - 5. Let g be w(-2). What is the greatest common factor of 77 and g?
7
Let m be (-186)/(-10) - 8/(-20). What is the highest common factor of 19 and m?
19
Suppose 5*h - 11 = -1. Let f be (-9)/(-3) - (-2 + h). Suppose 0 = 3*l + 2*i - 53, -22 = -f*l + 2*i + 15. Calculate the highest common divisor of l and 3.
3
Suppose 3*m + 24 = 6*m. Suppose -4*k + 4*c = 0, -3*k = k - 2*c - 2. Calculate the greatest common factor of k and m.
1
Let p(l) = 9*l + 6. Suppose 3 - 9 = -i. Let r be p(i). What is the greatest common divisor of 24 and r?
12
Let u be (36/(-14))/(4/(-56)). Suppose -162 = -r - 2*r. Calculate the greatest common factor 